{"id":3,"date":"2025-06-09T18:16:25","date_gmt":"2025-06-09T16:16:25","guid":{"rendered":"http:\/\/baltigo.ee\/wordpress\/?page_id=3"},"modified":"2025-06-30T11:47:41","modified_gmt":"2025-06-30T09:47:41","slug":"datenschutzerklaerung","status":"publish","type":"page","link":"https:\/\/baltigo.ee\/wordpress\/?page_id=3","title":{"rendered":"Datenschutzerkl\u00e4rung"},"content":{"rendered":"\n<h3 class=\"wp-block-heading is-style-text-subtitle is-style-text-subtitle--1\">1. Allgemeine Hinweise<\/h3>\n\n\n\n<p>Der Schutz Ihrer pers\u00f6nlichen Daten ist uns ein besonderes Anliegen. Wir verarbeiteten Ihre Daten daher ausschlie\u00dflich auf Grundlage der gesetzlichen Bestimmungen (DSGVO, TMG). In diesen Datenschutzinformationen informieren wir Sie \u00fcber die wichtigsten Aspekte der Datenverarbeitung im Rahmen unserer Website.<\/p>\n\n\n\n<h3 class=\"wp-block-heading is-style-text-subtitle is-style-text-subtitle--2\">2. Kontakt mit uns<\/h3>\n\n\n\n<p>Wenn Sie per Formular auf der Website oder per E-Mail Kontakt mit uns aufnehmen w\u00fcrden, w\u00fcrden Ihre angegebenen Daten zwecks Bearbeitung der Anfrage und f\u00fcr den Fall von Anschlussfragen sechs Monate bei uns gespeichert werden. Diese Daten w\u00fcrden nicht ohne Ihre Einwilligung weitergegeben.<\/p>\n\n\n\n<h3 class=\"wp-block-heading is-style-text-subtitle is-style-text-subtitle--3\">3. Server-Logfiles<\/h3>\n\n\n\n<p>Der Provider der Seiten erhebe und speichere automatisch Informationen in sogenannten Server-Logfiles, die Ihr Browser automatisch an uns \u00fcbermitteln w\u00fcrde. Dies w\u00e4ren:<\/p>\n\n\n\n<ul class=\"wp-block-list\">\n<li>IP-Adresse<\/li>\n\n\n\n<li>Datum und Uhrzeit der Anfrage<\/li>\n\n\n\n<li>Name und URL der abgerufenen Datei<\/li>\n\n\n\n<li>Website, von der aus der Zugriff erfolgt (Referrer-URL)<\/li>\n\n\n\n<li>Verwendeter Browser und ggf. Betriebssystem<\/li>\n\n\n\n<li>Name Ihres Access-Providers<\/li>\n<\/ul>\n\n\n\n<p>Diese Daten w\u00e4ren nicht bestimmten Personen zuordenbar und w\u00fcrden nicht mit anderen Datenquellen zusammengef\u00fchrt.<\/p>\n\n\n\n<h3 class=\"wp-block-heading is-style-text-subtitle is-style-text-subtitle--4\">4. Cookies<\/h3>\n\n\n\n<p>Unsere Website k\u00f6nnte sogenannte Cookies verwenden, um das Angebot nutzerfreundlich zu gestalten. Dabei w\u00fcrde es sich um kleine Textdateien handeln, die auf Ihrem Endger\u00e4t gespeichert w\u00fcrden.<br>Sie k\u00f6nnten Ihren Browser so einstellen, dass Sie \u00fcber das Setzen von Cookies informiert w\u00fcrden und dies nur im Einzelfall erlaubten. Bei Deaktivierung von Cookies k\u00f6nnte die Funktionalit\u00e4t der Website eingeschr\u00e4nkt sein.<\/p>\n\n\n\n<hr class=\"wp-block-separator has-alpha-channel-opacity\"\/>\n\n\n\n<h3 class=\"wp-block-heading is-style-text-subtitle is-style-text-subtitle--5\">5. Einsatz externer Dienste <em>(sofern verwendet)<\/em><\/h3>\n\n\n\n<h4 class=\"wp-block-heading\">Google Analytics<\/h4>\n\n\n\n<p>Sofern Google Analytics zum Einsatz k\u00e4me, w\u00fcrde dieser Dienst der Analyse der Website-Nutzung dienen. Dabei k\u00f6nnten Cookies verwendet und Informationen (einschlie\u00dflich Ihrer IP-Adresse) an Server von Google in den USA \u00fcbertragen und dort gespeichert werden. Die IP-Adresse w\u00fcrde jedoch vor der Speicherung anonymisiert werden.<br>Google k\u00f6nnte diese Informationen verwenden, um Ihre Nutzung der Website auszuwerten, Reports zusammenzustellen und weitere Dienstleistungen bereitzustellen.<br>Sie k\u00f6nnten die Erfassung Ihrer Daten durch Google Analytics verhindern, indem Sie ein Browser-Plugin installieren: <a>https:\/\/tools.google.com\/dlpage\/gaoptout<\/a><\/p>\n\n\n\n<h4 class=\"wp-block-heading\">Facebook (Meta Platforms Ireland Ltd.)<\/h4>\n\n\n\n<p>Falls auf dieser Website Inhalte oder Funktionen von Facebook eingebunden w\u00e4ren (z.\u202fB. Like-Buttons oder eingebettete Beitr\u00e4ge), k\u00f6nnte Facebook Informationen \u00fcber Ihre Nutzung erfassen und verarbeiten, insbesondere wenn Sie dort ein Konto h\u00e4tten.<br>Datenverarbeitung k\u00f6nnte auch au\u00dferhalb der EU erfolgen. Weitere Informationen f\u00e4nden Sie unter: <a class=\"\" href=\"https:\/\/www.facebook.com\/privacy\/explanation\">https:\/\/www.facebook.com\/privacy\/explanation<\/a><\/p>\n\n\n\n<h4 class=\"wp-block-heading\">Instagram<\/h4>\n\n\n\n<p>Sollten Inhalte von Instagram eingebunden sein, w\u00fcrden ebenfalls Daten (z.\u202fB. IP-Adresse, Browserinformationen) an Instagram (ebenfalls Meta Platforms) \u00fcbermittelt. Diese Daten k\u00f6nnten mit Ihrem Instagram-Konto verkn\u00fcpft werden, sofern Sie dort eingeloggt w\u00e4ren.<br>Weitere Informationen: <a class=\"\" href=\"https:\/\/privacycenter.instagram.com\/policy\">https:\/\/privacycenter.instagram.com\/policy<\/a><\/p>\n\n\n\n<h4 class=\"wp-block-heading\">X (ehemals Twitter)<\/h4>\n\n\n\n<p>Wenn Inhalte von X (z.\u202fB. Tweets oder Buttons) eingebunden w\u00e4ren, k\u00f6nnten Daten an X Corp. in die USA \u00fcbertragen werden. Auch hier k\u00f6nnte eine Zuordnung zu Ihrem X-Konto erfolgen, sofern Sie dort eingeloggt w\u00e4ren.<br>Datenschutzerkl\u00e4rung: <a class=\"\" href=\"https:\/\/twitter.com\/en\/privacy\">https:\/\/twitter.com\/en\/privacy<\/a><\/p>\n\n\n\n<h4 class=\"wp-block-heading\">TikTok<\/h4>\n\n\n\n<p>Sollte TikTok-Inhalt (z.\u202fB. Videos oder Schaltfl\u00e4chen) auf unserer Website eingebunden sein, k\u00f6nnten personenbezogene Daten an TikTok \u00fcbermittelt werden. Dies k\u00f6nnte auch eine Datenverarbeitung au\u00dferhalb der EU beinhalten.<br>Weitere Hinweise: <a>https:\/\/www.tiktok.com\/legal\/privacy-policy<\/a><\/p>\n\n\n\n<hr class=\"wp-block-separator has-alpha-channel-opacity\"\/>\n\n\n\n<h3 class=\"wp-block-heading is-style-text-subtitle is-style-text-subtitle--6\">6. Ihre Rechte<\/h3>\n\n\n\n<p>Ihnen st\u00fcnden grunds\u00e4tzlich die Rechte auf Auskunft, Berichtigung, L\u00f6schung, Einschr\u00e4nkung, Daten\u00fcbertragbarkeit, Widerruf und Widerspruch zu.<br>Sie k\u00f6nnten sich bei der zust\u00e4ndigen Aufsichtsbeh\u00f6rde beschweren, wenn Sie glauben, dass die Verarbeitung Ihrer Daten gegen Datenschutzrecht versto\u00dfe.<\/p>\n\n\n\n<p><strong>Zust\u00e4ndige Beh\u00f6rde in Estland:<\/strong><br><strong>Andmekaitse Inspektsioon<\/strong><br>Website: <a class=\"\" href=\"https:\/\/www.aki.ee\">https:\/\/www.aki.ee<\/a><br>E-Mail: <a>info@aki.ee<\/a><\/p>\n\n\n\n<hr class=\"wp-block-separator has-alpha-channel-opacity\"\/>\n\n\n\n<h3 class=\"wp-block-heading is-style-text-subtitle is-style-text-subtitle--7\">7. Verantwortliche Stelle<\/h3>\n\n\n\n<p><strong>BALTIGO TRADING O\u00dc<\/strong><br>Linnam\u00e4e tee 2-31, 13912 Tallinn, Estland<br>E-Mail: <a>info@baltigo.ee<\/a><\/p>\n\n\n\n<p><\/p>\n","protected":false},"excerpt":{"rendered":"<p>1. Allgemeine Hinweise Der Schutz Ihrer pers\u00f6nlichen Daten ist uns ein besonderes Anliegen. Wir verarbeiteten Ihre Daten daher ausschlie\u00dflich auf Grundlage der gesetzlichen Bestimmungen (DSGVO, TMG). In diesen Datenschutzinformationen informieren wir Sie \u00fcber die wichtigsten Aspekte der Datenverarbeitung im Rahmen unserer Website. 2. Kontakt mit uns Wenn Sie per Formular auf der Website oder per [&hellip;]<\/p>\n","protected":false},"author":1,"featured_media":0,"parent":0,"menu_order":0,"comment_status":"closed","ping_status":"open","template":"","meta":{"pgc_sgb_lightbox_settings":"","footnotes":""},"class_list":["post-3","page","type-page","status-publish","hentry"],"_links":{"self":[{"href":"https:\/\/baltigo.ee\/wordpress\/index.php?rest_route=\/wp\/v2\/pages\/3","targetHints":{"allow":["GET"]}}],"collection":[{"href":"https:\/\/baltigo.ee\/wordpress\/index.php?rest_route=\/wp\/v2\/pages"}],"about":[{"href":"https:\/\/baltigo.ee\/wordpress\/index.php?rest_route=\/wp\/v2\/types\/page"}],"author":[{"embeddable":true,"href":"https:\/\/baltigo.ee\/wordpress\/index.php?rest_route=\/wp\/v2\/users\/1"}],"replies":[{"embeddable":true,"href":"https:\/\/baltigo.ee\/wordpress\/index.php?rest_route=%2Fwp%2Fv2%2Fcomments&post=3"}],"version-history":[{"count":3,"href":"https:\/\/baltigo.ee\/wordpress\/index.php?rest_route=\/wp\/v2\/pages\/3\/revisions"}],"predecessor-version":[{"id":278,"href":"https:\/\/baltigo.ee\/wordpress\/index.php?rest_route=\/wp\/v2\/pages\/3\/revisions\/278"}],"wp:attachment":[{"href":"https:\/\/baltigo.ee\/wordpress\/index.php?rest_route=%2Fwp%2Fv2%2Fmedia&parent=3"}],"curies":[{"name":"wp","href":"https:\/\/api.w.org\/{rel}","templated":true}]}}