{"id":52,"date":"2025-06-30T07:14:53","date_gmt":"2025-06-30T05:14:53","guid":{"rendered":"https:\/\/baltigo.ee\/wordpress\/?page_id=52"},"modified":"2025-07-01T13:39:48","modified_gmt":"2025-07-01T11:39:48","slug":"leistungen","status":"publish","type":"page","link":"https:\/\/baltigo.ee\/wordpress\/?page_id=52","title":{"rendered":"Leistungen"},"content":{"rendered":"\n<p>  <\/p>\n\n\n\n<p class=\"is-style-text-subtitle is-style-text-subtitle--1\"><strong>Produktbeschaffung nach Wunsch<\/strong><\/p>\n\n\n\n<p>Sie suchen ein bestimmtes Produkt? Wir nutzen unser Netzwerk, um es schnell und effizient zu finden \u2013 zu besten Konditionen.<\/p>\n\n\n\n<p class=\"is-style-text-subtitle is-style-text-subtitle--2\"><strong>Handel &amp; Distribution von HPC &amp; FMCG<\/strong><\/p>\n\n\n\n<p>Wir handeln mit ausgew\u00e4hlten A-Brand sowie Non-Brand-Produkten im Bereich Home &amp; Personal Care sowie im (FMCG)Bereich.. Wir Arbeiten haupts\u00e4chlich im Ex-works Bereich mit direkt verf\u00fcgbar (Stock)oder als Vorbestellung um diese sp\u00e4ter abzurufen.<\/p>\n\n\n\n<p class=\"is-style-text-subtitle is-style-text-subtitle--3\"><\/p>\n\n\n\n<p><\/p>\n","protected":false},"excerpt":{"rendered":"<p>Produktbeschaffung nach Wunsch Sie suchen ein bestimmtes Produkt? Wir nutzen unser Netzwerk, um es schnell und effizient zu finden \u2013 zu besten Konditionen. Handel &amp; Distribution von HPC &amp; FMCG Wir handeln mit ausgew\u00e4hlten A-Brand sowie Non-Brand-Produkten im Bereich Home &amp; Personal Care sowie im (FMCG)Bereich.. Wir Arbeiten haupts\u00e4chlich im Ex-works Bereich mit direkt verf\u00fcgbar [&hellip;]<\/p>\n","protected":false},"author":1,"featured_media":0,"parent":0,"menu_order":0,"comment_status":"closed","ping_status":"closed","template":"","meta":{"pgc_sgb_lightbox_settings":"","footnotes":""},"class_list":["post-52","page","type-page","status-publish","hentry"],"_links":{"self":[{"href":"https:\/\/baltigo.ee\/wordpress\/index.php?rest_route=\/wp\/v2\/pages\/52","targetHints":{"allow":["GET"]}}],"collection":[{"href":"https:\/\/baltigo.ee\/wordpress\/index.php?rest_route=\/wp\/v2\/pages"}],"about":[{"href":"https:\/\/baltigo.ee\/wordpress\/index.php?rest_route=\/wp\/v2\/types\/page"}],"author":[{"embeddable":true,"href":"https:\/\/baltigo.ee\/wordpress\/index.php?rest_route=\/wp\/v2\/users\/1"}],"replies":[{"embeddable":true,"href":"https:\/\/baltigo.ee\/wordpress\/index.php?rest_route=%2Fwp%2Fv2%2Fcomments&post=52"}],"version-history":[{"count":5,"href":"https:\/\/baltigo.ee\/wordpress\/index.php?rest_route=\/wp\/v2\/pages\/52\/revisions"}],"predecessor-version":[{"id":311,"href":"https:\/\/baltigo.ee\/wordpress\/index.php?rest_route=\/wp\/v2\/pages\/52\/revisions\/311"}],"wp:attachment":[{"href":"https:\/\/baltigo.ee\/wordpress\/index.php?rest_route=%2Fwp%2Fv2%2Fmedia&parent=52"}],"curies":[{"name":"wp","href":"https:\/\/api.w.org\/{rel}","templated":true}]}}